[INFO] cloning repository https://github.com/Xymist/diesel_experiment
[INFO] running `Command { std: "git" "-c" "credential.helper=" "-c" "credential.helper=/workspace/cargo-home/bin/git-credential-null" "clone" "--bare" "https://github.com/Xymist/diesel_experiment" "/workspace/cache/git-repos/https%3A%2F%2Fgithub.com%2FXymist%2Fdiesel_experiment", kill_on_drop: false }`
[INFO] [stderr] Cloning into bare repository '/workspace/cache/git-repos/https%3A%2F%2Fgithub.com%2FXymist%2Fdiesel_experiment'...
[INFO] running `Command { std: "git" "rev-parse" "HEAD", kill_on_drop: false }`
[INFO] [stdout] 268d9090b6e39d27b80aa22470ec9c9068f5830b
[INFO] building Xymist/diesel_experiment against master#881c1ac408d93bb7adaa3a51dabab9266e82eee8 for issue-85264
[INFO] running `Command { std: "git" "clone" "/workspace/cache/git-repos/https%3A%2F%2Fgithub.com%2FXymist%2Fdiesel_experiment" "/workspace/builds/worker-15/source", kill_on_drop: false }`
[INFO] [stderr] Cloning into '/workspace/builds/worker-15/source'...
[INFO] [stderr] done.
[INFO] validating manifest of git repo https://github.com/Xymist/diesel_experiment on toolchain 881c1ac408d93bb7adaa3a51dabab9266e82eee8
[INFO] running `Command { std: "/workspace/cargo-home/bin/cargo" "+881c1ac408d93bb7adaa3a51dabab9266e82eee8" "metadata" "--manifest-path" "Cargo.toml" "--no-deps", kill_on_drop: false }`
[INFO] started tweaking git repo https://github.com/Xymist/diesel_experiment
[INFO] finished tweaking git repo https://github.com/Xymist/diesel_experiment
[INFO] tweaked toml for git repo https://github.com/Xymist/diesel_experiment written to /workspace/builds/worker-15/source/Cargo.toml
[INFO] crate git repo https://github.com/Xymist/diesel_experiment already has a lockfile, it will not be regenerated
[INFO] running `Command { std: "/workspace/cargo-home/bin/cargo" "+881c1ac408d93bb7adaa3a51dabab9266e82eee8" "fetch" "--manifest-path" "Cargo.toml", kill_on_drop: false }`
[INFO] [stderr]  Downloading crates ...
[INFO] [stderr]   Downloaded r2d2-diesel v1.0.0
[INFO] [stderr]   Downloaded vcpkg v0.2.2
[INFO] [stderr]   Downloaded rocket_codegen v0.3.6
[INFO] [stderr]   Downloaded isatty v0.1.6
[INFO] [stderr]   Downloaded yansi v0.3.4
[INFO] [stderr]   Downloaded toml v0.4.5
[INFO] [stderr]   Downloaded diesel_derives v1.1.0
[INFO] [stderr]   Downloaded httparse v1.2.4
[INFO] [stderr]   Downloaded state v0.3.3
[INFO] [stderr]   Downloaded hyper v0.10.13
[INFO] [stderr]   Downloaded diesel v1.1.1
[INFO] [stderr]   Downloaded num-traits v0.2.0
[INFO] [stderr]   Downloaded cookie v0.9.2
[INFO] [stderr]   Downloaded dotenv v0.9.0
[INFO] [stderr]   Downloaded regex v0.2.6
[INFO] [stderr]   Downloaded mysqlclient-sys v0.2.3
[INFO] [stderr]   Downloaded rocket_contrib v0.3.6
[INFO] [stderr]   Downloaded pear v0.0.12
[INFO] [stderr]   Downloaded pear_codegen v0.0.12
[INFO] [stderr]   Downloaded rayon-core v1.4.0
[INFO] [stderr]   Downloaded crossbeam-epoch v0.3.0
[INFO] [stderr]   Downloaded rocket v0.3.6
[INFO] [stderr]   Downloaded url v1.6.0
[INFO] [stderr]   Downloaded ring v0.11.0
[INFO] running `Command { std: "docker" "create" "-v" "/var/lib/crater-agent-workspace/builds/worker-15/target:/opt/rustwide/target:rw,Z" "-v" "/var/lib/crater-agent-workspace/builds/worker-15/source:/opt/rustwide/workdir:ro,Z" "-v" "/var/lib/crater-agent-workspace/cargo-home:/opt/rustwide/cargo-home:ro,Z" "-v" "/var/lib/crater-agent-workspace/rustup-home:/opt/rustwide/rustup-home:ro,Z" "-e" "SOURCE_DIR=/opt/rustwide/workdir" "-e" "CARGO_TARGET_DIR=/opt/rustwide/target" "-e" "CARGO_HOME=/opt/rustwide/cargo-home" "-e" "RUSTUP_HOME=/opt/rustwide/rustup-home" "-w" "/opt/rustwide/workdir" "-m" "1610612736" "--user" "0:0" "--network" "none" "ghcr.io/rust-lang/crates-build-env/linux@sha256:20528e8c29e4536546f0102ce88568b16ea7538393a33fcca951030f7af10457" "/opt/rustwide/cargo-home/bin/cargo" "+881c1ac408d93bb7adaa3a51dabab9266e82eee8" "metadata" "--no-deps" "--format-version=1", kill_on_drop: false }`
[INFO] [stdout] d5e7ac59ef3104096abf847cef83acaaa3f17abb7257de431b742b92015dc8cc
[INFO] [stderr] WARNING: Your kernel does not support swap limit capabilities or the cgroup is not mounted. Memory limited without swap.
[INFO] running `Command { std: "docker" "start" "-a" "d5e7ac59ef3104096abf847cef83acaaa3f17abb7257de431b742b92015dc8cc", kill_on_drop: false }`
[INFO] running `Command { std: "docker" "inspect" "d5e7ac59ef3104096abf847cef83acaaa3f17abb7257de431b742b92015dc8cc", kill_on_drop: false }`
[INFO] running `Command { std: "docker" "rm" "-f" "d5e7ac59ef3104096abf847cef83acaaa3f17abb7257de431b742b92015dc8cc", kill_on_drop: false }`
[INFO] [stdout] d5e7ac59ef3104096abf847cef83acaaa3f17abb7257de431b742b92015dc8cc
[INFO] running `Command { std: "docker" "create" "-v" "/var/lib/crater-agent-workspace/builds/worker-15/target:/opt/rustwide/target:rw,Z" "-v" "/var/lib/crater-agent-workspace/builds/worker-15/source:/opt/rustwide/workdir:ro,Z" "-v" "/var/lib/crater-agent-workspace/cargo-home:/opt/rustwide/cargo-home:ro,Z" "-v" "/var/lib/crater-agent-workspace/rustup-home:/opt/rustwide/rustup-home:ro,Z" "-e" "SOURCE_DIR=/opt/rustwide/workdir" "-e" "CARGO_TARGET_DIR=/opt/rustwide/target" "-e" "CARGO_INCREMENTAL=0" "-e" "RUST_BACKTRACE=full" "-e" "RUSTFLAGS=--cap-lints=forbid" "-e" "CARGO_HOME=/opt/rustwide/cargo-home" "-e" "RUSTUP_HOME=/opt/rustwide/rustup-home" "-w" "/opt/rustwide/workdir" "-m" "1610612736" "--user" "0:0" "--network" "none" "ghcr.io/rust-lang/crates-build-env/linux@sha256:20528e8c29e4536546f0102ce88568b16ea7538393a33fcca951030f7af10457" "/opt/rustwide/cargo-home/bin/cargo" "+881c1ac408d93bb7adaa3a51dabab9266e82eee8" "build" "--frozen" "--message-format=json", kill_on_drop: false }`
[INFO] [stderr] WARNING: Your kernel does not support swap limit capabilities or the cgroup is not mounted. Memory limited without swap.
[INFO] [stdout] 1fb87608d57b6757e647ac95d95404e2e41c106a6476ef35260f7ac2ce57f17d
[INFO] running `Command { std: "docker" "start" "-a" "1fb87608d57b6757e647ac95d95404e2e41c106a6476ef35260f7ac2ce57f17d", kill_on_drop: false }`
[INFO] [stderr]    Compiling rayon-core v1.4.0
[INFO] [stderr]    Compiling yansi v0.3.4
[INFO] [stderr]    Compiling percent-encoding v1.0.1
[INFO] [stderr]    Compiling safemem v0.2.0
[INFO] [stderr]    Compiling language-tags v0.2.2
[INFO] [stderr]    Compiling typeable v0.1.2
[INFO] [stderr]    Compiling traitobject v0.1.0
[INFO] [stderr]    Compiling httparse v1.2.4
[INFO] [stderr]    Compiling ordermap v0.2.13
[INFO] [stderr]    Compiling num-traits v0.2.0
[INFO] [stderr]    Compiling state v0.3.3
[INFO] [stderr]    Compiling itoa v0.3.4
[INFO] [stderr]    Compiling utf8-ranges v1.0.0
[INFO] [stderr]    Compiling rand v0.4.2
[INFO] [stderr]    Compiling time v0.1.39
[INFO] [stderr]    Compiling isatty v0.1.6
[INFO] [stderr]    Compiling memchr v1.0.2
[INFO] [stderr]    Compiling memchr v2.0.1
[INFO] [stderr]    Compiling crossbeam-utils v0.2.2
[INFO] [stderr]    Compiling arrayvec v0.4.7
[INFO] [stderr]    Compiling mysqlclient-sys v0.2.3
[INFO] [stderr]    Compiling toml v0.4.5
[INFO] [stderr]    Compiling pq-sys v0.4.4
[INFO] [stderr]    Compiling scheduled-thread-pool v0.2.0
[INFO] [stderr]    Compiling syn v0.11.11
[INFO] [stderr]    Compiling thread_local v0.3.5
[INFO] [stderr]    Compiling mime v0.2.6
[INFO] [stderr]    Compiling base64 v0.6.0
[INFO] [stderr]    Compiling aho-corasick v0.6.4
[INFO] [stdout] error[E0658]: trait bounds other than `Sized` on const fn parameters are unstable
[INFO] [stdout]   --> /opt/rustwide/cargo-home/registry/src/github.com-1ecc6299db9ec823/state-0.3.3/src/container.rs:97:18
[INFO] [stdout]    |
[INFO] [stdout] 97 |             map: UnsafeCell::new(0 as *mut _),
[INFO] [stdout]    |                  ^^^^^^^^^^^^^^^^^^^^^^^^^^^^
[INFO] [stdout]    |
[INFO] [stdout]    = note: see issue #57563 <https://github.com/rust-lang/rust/issues/57563> for more information
[INFO] [stdout]    = help: add `#![feature(const_fn_trait_bound)]` to the crate attributes to enable
[INFO] [stdout] 
[INFO] [stdout] 
[INFO] [stdout] error[E0658]: trait bounds other than `Sized` on const fn parameters are unstable
[INFO] [stdout]   --> /opt/rustwide/cargo-home/registry/src/github.com-1ecc6299db9ec823/state-0.3.3/src/container.rs:97:34
[INFO] [stdout]    |
[INFO] [stdout] 97 |             map: UnsafeCell::new(0 as *mut _),
[INFO] [stdout]    |                                  ^^^^^^^^^^^
[INFO] [stdout]    |
[INFO] [stdout]    = note: see issue #57563 <https://github.com/rust-lang/rust/issues/57563> for more information
[INFO] [stdout]    = help: add `#![feature(const_fn_trait_bound)]` to the crate attributes to enable
[INFO] [stdout] 
[INFO] [stdout] 
[INFO] [stdout] error[E0658]: trait bounds other than `Sized` on const fn parameters are unstable
[INFO] [stdout]   --> /opt/rustwide/cargo-home/registry/src/github.com-1ecc6299db9ec823/state-0.3.3/src/storage.rs:58:6
[INFO] [stdout]    |
[INFO] [stdout] 58 | impl<T: Send + Sync + 'static> Storage<T> {
[INFO] [stdout]    |      ^
[INFO] [stdout]    |
[INFO] [stdout]    = note: see issue #57563 <https://github.com/rust-lang/rust/issues/57563> for more information
[INFO] [stdout]    = help: add `#![feature(const_fn_trait_bound)]` to the crate attributes to enable
[INFO] [stdout] 
[INFO] [stdout] 
[INFO] [stdout] error: aborting due to 3 previous errors
[INFO] [stdout] 
[INFO] [stdout] 
[INFO] [stdout] For more information about this error, try `rustc --explain E0658`.
[INFO] [stdout] 
[INFO] [stderr] error: could not compile `state`
[INFO] [stderr] 
[INFO] [stderr] To learn more, run the command again with --verbose.
[INFO] [stderr] warning: build failed, waiting for other jobs to finish...
[INFO] [stdout] error[E0635]: unknown feature `const_atomic_bool_new`
[INFO] [stdout]  --> /opt/rustwide/cargo-home/registry/src/github.com-1ecc6299db9ec823/yansi-0.3.4/src/lib.rs:1:40
[INFO] [stdout]   |
[INFO] [stdout] 1 | #![cfg_attr(feature="nightly", feature(const_atomic_bool_new))]
[INFO] [stdout]   |                                        ^^^^^^^^^^^^^^^^^^^^^
[INFO] [stdout] 
[INFO] [stdout] 
[INFO] [stdout] error: aborting due to previous error
[INFO] [stdout] 
[INFO] [stdout] 
[INFO] [stdout] For more information about this error, try `rustc --explain E0635`.
[INFO] [stdout] 
[INFO] [stderr] error: build failed
[INFO] running `Command { std: "docker" "inspect" "1fb87608d57b6757e647ac95d95404e2e41c106a6476ef35260f7ac2ce57f17d", kill_on_drop: false }`
[INFO] running `Command { std: "docker" "rm" "-f" "1fb87608d57b6757e647ac95d95404e2e41c106a6476ef35260f7ac2ce57f17d", kill_on_drop: false }`
[INFO] [stdout] 1fb87608d57b6757e647ac95d95404e2e41c106a6476ef35260f7ac2ce57f17d
